) = 386*o**2 - 30*o + 55. Let g be u(2). What is the highest common divisor of 57 and g?
57
Let b(d) = 18*d**2 - 4*d - 4. Suppose -34*i - 78 = -32*i. Let t = i + 37. Let f be b(t). What is the highest common divisor of 190 and f?
38
Suppose -7*d + 3*d = -4*k + 160, 168 = 4*k - 2*d. Calculate the highest common factor of 55 and k.
11
Let f be ((-3871)/14)/(-7) + (-2)/4. Calculate the highest common factor of 3 and f.
3
Let p(x) = -2*x**3 - 2*x**2 - 2. Let r be p(-2). Suppose -r*f + 70 = -f. Let y = 6 - -29. Calculate the greatest common factor of f and y.
7
Let m be ((-4644)/(-90))/((-2)/(-5)). Let f = 46 + m. Calculate the highest common factor of f and 25.
25
Let r(z) = -z**2 - 6*z - 6. Let p be r(-6). Let g be (-572)/(-6) + (-4)/p. Suppose -261 + 21 = -10*h. Calculate the greatest common divisor of h and g.
24
Let j(m) = 24*m + 73. Let i be j(-2). Calculate the highest common divisor of i and 260.
5
Let j be ((-6)/(-4))/(1/(-16)). Let b = j + 40. Suppose -18*p - 12*p = 41*p - 10224. What is the highest common divisor of b and p?
16
Let p be 7/4*(102 - 54). What is the greatest common factor of p and 42?
42
Let r = -1245 + 1305. What is the highest common divisor of r and 24?
12
Let p(f) = 37*f - 205. Let v be p(15). What is the greatest common divisor of v and 300?
50
Let x(c) be the third derivative of -3*c**4/8 - 19*c**3/3 + 51*c**2. Let a be x(-12). Calculate the highest common factor of 28 and a.
14
Suppose 1757 - 1477 = 5*g. What is the highest common factor of 140 and g?
28
Let r(g) = g**3 + g**2 + g + 55. Let l be -2 + (3/3 - -4). Suppose l*m = -m. Let b be r(m). Calculate the highest common divisor of 11 and b.
11
Suppose -3*p - 3 = 0, -3 = -5*v - p - 4. Suppose -3*o = -v*o - u - 71, -20 = 4*u. What is the highest common divisor of 2 and o?
2
Suppose 2*f = -0*f - 16. Let u be f/(-5)*15/6. Let x = 9 + -7. What is the greatest common divisor of u and x?
2
Suppose 3*i + 122 - 173 = 0. Calculate the highest common divisor of i and 323.
17
Let a(n) = 2*n - 27. Let f be a(15). Let v be (-9)/27*-2*f. What is the greatest common factor of 22 and v?
2
Let h = 18 + -16. Suppose x + 9 = 2*m, -3*x = -5*x - 6. Suppose m = h*f - 45. Calculate the highest common divisor of f and 16.
8
Suppose 0*g + g = 4. Suppose -2 = w - 2*q - 1, -2*q = -g*w + 26. Let s = 36 - 18. Calculate the greatest common divisor of w and s.
9
Suppose -12*d - 159 = -543. What is the highest common factor of 48 and d?
16
Let t be (2/(-1))/(12/(-276)). Suppose 2*l = -0*l + t. Suppose 4*h - 75 = -4*w - l, -73 = -5*w - h. Calculate the highest common factor of w and 120.
15
Let a = 46 + -40. Suppose -4*u = a*p - 4*p - 44, -18 = -2*u - 3*p. Calculate the greatest common divisor of 156 and u.
12
Let q = 115 - 92. Calculate the highest common divisor of q and 253.
23
Let r = 24 - 21. Let h(x) = -x**3 + 36*x**2 - 36*x + 59. Let n be h(35). What is the greatest common factor of r and n?
3
Suppose 9*r = 4*r. Let t = r + 3. Suppose 222 = t*i - 18. Calculate the highest common divisor of i and 10.
10
Let w be 0/(-3) - (-3 + -23). Suppose 3*h + x = -42, 0 = 2*x + x. Let m = w + h. What is the greatest common factor of m and 48?
12
Let b be 0 + 1 + (-192)/(-8). Suppose 2 = -w + 12. What is the greatest common factor of w and b?
5
Suppose 106 = 2*t - 2*c, 3*c + 2*c = -10. Let r be (-10)/(-25) + (-39)/(-15). Let j be 8*(-1 + r) - -1. What is the greatest common factor of t and j?
17
Let s(v) = 58*v + 366. Let x be s(-5). Let l = 28 - -29. What is the highest common factor of x and l?
19
Let d(t) = 7*t - 28. Let n be d(10). Let g(y) = -y - 4. Let l be g(-10). Calculate the greatest common factor of l and n.
6
Let y(m) = 10*m**2 + m - 1. Let k(x) = -6*x + 6. Let v be k(2). Let f be (-4)/v*3/2. Let z be y(f). Calculate the greatest common factor of 30 and z.
10
Let u be ((-702)/36)/((-3)/10). What is the highest common factor of u and 65?
65
Let j(l) = -4*l - 3. Let s be j(-2). Let o = 522 - 137. Suppose -u = 6*u - o. What is the greatest common factor of u and s?
5
Let c(p) = -92*p + 4. Let i be c(-3). Suppose 44*v = 81*v - 42*v + 560. Calculate the highest common factor of i and v.
56
Suppose i = -4*f + 45, 0 = -6*i + 5*i + 5*f + 18. Calculate the greatest common divisor of i and 9.
3
Suppose 0 = 6*w + 27*w - 957. Calculate the highest common divisor of w and 377.
29
Let t = -72 - -77. Let b = -1 + 4. Suppose 67 = t*l - 2*s + s, -23 = -l - b*s. What is the greatest common factor of l and 35?
7
Suppose -4*q + 54 - 46 = 0, -2*q - 1920 = -4*r. What is the greatest common divisor of 39 and r?
13
Let c be (98/4 - -3)*28/70. Let u = -4 + 6. Suppose 2*p + u*p = 44. What is the highest common factor of c and p?
11
Let r(v) = -v**2 + 44*v - 153. Let w be r(35). Let n(p) = -p**3 - p**2 + 18. Let m be n(0). Calculate the greatest common divisor of w and m.
18
Let r(b) = b - 4. Let w(g) = -2*g - 14. Let d be w(-11). Let o be r(d). Suppose -23*q = 46*q - 1104. Calculate the highest common factor of o and q.
4
Let h be (-266)/(-5) - (-558)/310. Calculate the greatest common factor of h and 1485.
55
Let l = -198 + 205. Suppose 336 = 4*h + 2*h. What is the highest common divisor of l and h?
7
Let c be 156/(-2106) + (-8210)/(-27). Calculate the highest common factor of 114 and c.
38
Suppose 0 = -7*a - 2*a + 27. What is the highest common divisor of a and 159?
3
Let p(j) = -21*j - 302. Let b be p(-16). Calculate the highest common divisor of b and 2652.
34
Let v be (6/4)/((-2)/(-4)). Suppose -3*k + 12 = 3*i, v*k + 8 = 2*i + 7*k. Let x be (-2)/i + (-30)/(-12). What is the greatest common factor of 10 and x?
2
Let r = -383 - -417. What is the highest common factor of r and 289?
17
Let m = 189 + -101. What is the highest common factor of m and 44?
44
Let s be ((-736)/(-460))/(-1 + 211/210). Calculate the greatest common divisor of 144 and s.
48
Suppose -r + 0 = -5. Suppose 2*k = b + 163, -3*b = -0*k - r*k + 408. Calculate the highest common factor of k and 9.
9
Let f(a) = -a + 10. Let t be f(8). Suppose 12 = 5*z - z, 0 = -2*b + z - 255. Let v = b - -136. What is the greatest common factor of t and v?
2
Suppose -4*u + 151 = -5*c, 3*u - 4*u + 2*c + 40 = 0. What is the highest common factor of u and 51?
17
Suppose -36 = -5*y - 16. Let a be y*(-12)/(-16) - 0. Suppose 0*h = h + 4*t - 8, -4*t = 2*h - 32. Calculate the highest common divisor of h and a.
3
Let y(w) = 18*w + 188. Let m be y(10). What is the highest common divisor of m and 4?
4
Suppose 5 = 2*n - 35. What is the greatest common divisor of n and 52?
4
Suppose 4*l - 6*l = -86. Calculate the greatest common divisor of l and 387.
43
Suppose 53*j - 406 = 51*j. What is the greatest common factor of 7 and j?
7
Let w = -124 - -22. Let x = -72 - w. Calculate the greatest common factor of x and 10.
10
Suppose -4*o + 0*o + 3*x + 16 = 0, -16 = -4*o - 3*x. Suppose -o*q + 106 = 4*n + n, q + n = 26. Calculate the highest common factor of 18 and q.
6
Let i = 233 + -30. Let j be ((-1 - 0) + 0)/(9/(-261)). What is the greatest common factor of i and j?
29
Suppose -6*u - 130 + 202 = 0. Calculate the greatest common divisor of u and 174.
6
Suppose 36 = -5*q + 4*a, 0*q + 4*a - 28 = 3*q. Let k = q + 18. Let p(b) = 7*b**2 + 2*b + 2. Let z be p(-1). Calculate the greatest common divisor of k and z.
7
Suppose -6*p = -7*p - 8. Let d be (p/4)/(-5 - -3). Suppose 2*w + 10 = 5*x + 41, -5*x = w + 7. Calculate the greatest common divisor of d and w.
1
Suppose -4*b + 5 = -3*b. Suppose 0 = -2*a - 4*d + 34, -b*a + 4*d = -145 - 10. Let o = a + -19. What is the greatest common factor of 24 and o?
8
Let p be (-2)/(-6)*3 + 75. What is the greatest common factor of p and 95?
19
Let g = -28 + 34. Suppose -4*y + 21 = 3*i, 2*i - y = -5 + 8. What is the highest common divisor of i and g?
3
Let c be 4 - 2 - (0 - 40). Let v be c/105 - (-176)/10. Calculate the greatest common factor of v and 144.
18
Let v be (30/(-15))/((-4)/114). Calculate the highest common divisor of 285 and v.
57
Suppose -5*s + 7 = -t, 2*t - t - 2*s - 2 = 0. Suppose 70*r = 38*r - 15*r + 752. Calculate the highest common factor of r and t.
8
Let x be 2068/264 - (2/12)/(-1). What is the greatest common factor of 66 and x?
2
Let h(x) = -55*x - 247. Let v be h(-5). Suppose 6*q - 336 = 2*q. Suppose -q = -4*c + c. What is the highest